 remainder when 1914 is divided by 636.
6
What is the remainder when 9600 is divided by 4795?
10
What is the remainder when 104719 is divided by 516?
487
What is the remainder when 4392 is divided by 16?
8
Calculate the remainder when 675 is divided by 291.
93
What is the remainder when 4946 is divided by 967?
111
What is the remainder when 6044 is divided by 75?
44
What is the remainder when 637555 is divided by 120?
115
Calculate the remainder when 40169 is divided by 34.
15
Calculate the remainder when 52571 is divided by 4026.
233
What is the remainder when 2333 is divided by 587?
572
What is the remainder when 134623 is divided by 304?
255
What is the remainder when 1072763 is divided by 18?
17
What is the remainder when 5860 is divided by 122?
4
What is the remainder when 12829 is divided by 4245?
94
Calculate the remainder when 122145 is divided by 122130.
15
Calculate the remainder when 61184 is divided by 61176.
8
Calculate the remainder when 1380329 is divided by 939.
938
What is the remainder when 289 is divided by 70?
9
What is the remainder when 47844 is divided by 2080?
4
What is the remainder when 226588 is divided by 39?
37
Calculate the remainder when 1140 is divided by 484.
172
Calculate the remainder when 1831 is divided by 77.
60
What is the remainder when 53070 is divided by 26532?
6
What is the remainder when 726663 is divided by 85?
83
Calculate the remainder when 69201 is divided by 1328.
145
Calculate the remainder when 15969 is divided by 125.
94
What is the remainder when 9326 is divided by 4658?
10
Calculate the remainder when 79564 is divided by 1989.
4
Calculate the remainder when 225287 is divided by 26.
23
Calculate the remainder when 314156 is divided by 140.
136
What is the remainder when 6320 is divided by 4175?
2145
What is the remainder when 270942 is divided by 4370?
2
Calculate the remainder when 197427 is divided by 14.
13
What is the remainder when 46756 is divided by 134?
124
What is the remainder when 7761 is divided by 439?
298
What is the remainder when 4230 is divided by 21?
9
What is the remainder when 873 is divided by 837?
36
What is the remainder when 93622 is divided by 80?
22
Calculate the remainder when 20241 is divided by 205.
151
What is the remainder when 13634 is divided by 2721?
29
What is the remainder when 1294307 is divided by 307?
302
Calculate the remainder when 2095760 is divided by 35.
30
What is the remainder when 3119 is divided by 928?
335
What is the remainder when 11198 is divided by 112?
110
What is the remainder when 50939 is divided by 428?
7
Calculate the remainder when 52654 is divided by 80.
14
What is the remainder when 80899 is divided by 274?
69
What is the remainder when 81559 is divided by 20366?
95
Calculate the remainder when 32687 is divided by 182.
109
Calculate the remainder when 249 is divided by 81.
6
What is the remainder when 12756 is divided by 7?
2
What is the remainder when 112190 is divided by 112108?
82
Calculate the remainder when 10057 is divided by 228.
25
Calculate the remainder when 70188 is divided by 124.
4
What is the remainder when 27377 is divided by 185?
182
What is the remainder when 39594 is divided by 3299?
6
What is the remainder when 17515 is divided by 510?
175
Calculate the remainder when 65449 is divided by 67.
57
Calculate the remainder when 972 is divided by 159.
18
Calculate the remainder when 2185 is divided by 65.
40
What is the remainder when 83749 is divided by 76?
73
What is the remainder when 14717 is divided by 64?
61
What is the remainder when 935 is divided by 583?
352
What is the remainder when 408 is divided by 163?
82
What is the remainder when 13578 is divided by 95?
88
What is the remainder when 23255 is divided by 36?
35
What is the remainder when 6135 is divided by 6077?
58
What is the remainder when 593193 is divided by 148290?
33
Calculate the remainder when 1495 is divided by 39.
13
What is the remainder when 9228 is divided by 9162?
66
What is the remainder when 32280 is divided by 211?
208
Calculate the remainder when 1183 is divided by 1096.
87
What is the remainder when 22056 is divided by 41?
39
Calculate the remainder when 12531 is divided by 464.
3
Calculate the remainder when 48079 is divided by 16013.
40
What is the remainder when 21535 is divided by 198?
151
Calculate the remainder when 378658 is divided by 94663.
6
What is the remainder when 6438248 is divided by 23?
19
What is the remainder when 237653 is divided by 149?
147
Calculate the remainder when 16929809 is divided by 270.
269
What is the remainder when 33611 is divided by 33?
17
Calculate the remainder when 33804 is divided by 113.
17
Calculate the remainder when 261815 is divided by 52.
47
Calculate the remainder when 87109 is divided by 6.
1
What is the remainder when 260700 is divided by 53?
46
Calculate the remainder when 1481 is divided by 414.
239
What is the remainder when 6755 is divided by 376?
363
Calculate the remainder when 36954 is divided by 377.
8
What is the remainder when 18102 is divided by 11?
7
Calculate the remainder when 165686 is divided by 510.
446
Calculate the remainder when 167748 is divided by 74.
64
Calculate the remainder when 10525 is divided by 1107.
562
Calculate the remainder when 80082 is divided by 376.
370
Calculate the remainder when 42963 is divided by 82.
77
What is the remainder when 1082 is divided by 59?
20
What is the remainder when 990 is divided by 233?
58
What is the remainder when 1911 is divided by 1072?
839
Calculate the remainder when 68095 is divided by 19.
18
Calculate the remainder when 6585 is divided by 93.
75
Calculate the remainder when 1976 is divided by 970.
36
Calculate the remainder when 42725 is divided by 185.
175
Calculate the remainder when 113558 is divided by 56775.
8
Calculate the remainder when 8146 is divided by 84.
82
What is the remainder when 22803 is divided by 55?
33
What is the remainder when 535 is divided by 11?
7
What is the remainder when 2677 is divided by 1294?
89
What is the remainder when 704521 is divided by 1027?
1026
Calculate the remainder when 5702 is divided by 281.
82
What is the remainder when 21729 is divided by 14?
1
What is the remainder when 543590 is divided by 926?
28
What is the remainder when 740581 is divided by 230?
211
What is the remainder when 131062 is divided by 80?
22
What is the remainder when 221151 is divided by 98?
63
What is the remainder when 2745582 is divided by 16?
14
What is the remainder when 562958 is divided by 72?
62
Calculate the remainder when 19693 is divided by 75.
43
What is the remainder when 29175 is divided by 79?
24
Calculate the remainder when 58466 is divided by 43.
29
What is the remainder when 2310 is divided by 289?
287
What is the remainder when 201475 is divided by 241?
240
What is the remainder when 19184 is divided by 3185?
74
Calculate the remainder when 85430 is divided by 229.
13
What is the remainder when 879 is divided by 74?
65
What is the remainder when 12724 is divided by 82?
14
What is the remainder when 2705 is divided by 1364?
1341
Calculate the remainder when 2965 is divided by 1465.
35
What is the remainder when 839308 is divided by 13?
2
What is the remainder when 36930 is divided by 840?
810
What is the remainder when 3176 is divided by 13?
4
What is the remainder when 680133 is divided by 14?
13
Calculate the remainder when 26830 is divided by 1280.
1230
Calculate the remainder when 137 is divided by 1.
0
What is the remainder when 7826 is divided by 2430?
536
What is the remainder when 5932 is divided by 110?
102
Calculate the remainder when 6939 is divided by 6742.
197
Calculate the remainder when 2180769 is divided by 22.
19
What is the remainder when 22963 is divided by 450?
13
What is the remainder when 352523 is divided by 1617?
17
Calculate the remainder when 12860 is divided by 48.
44
What is the remainder when 1140211 is divided by 122?
121
Calculate the remainder when 3801 is divided by 1142.
375
What is the remainder when 32077 is divided by 10646?
139
Calculate the remainder when 5353 is divided by 232.
17
Calculate the remainder when 69928 is divided by 411.
58
Calculate the remainder when 279 is divided by 91.
6
Calculate the remainder when 93116 is divided by 12.
8
